 -7*s**3 + 20*s**2 - 46*s - 22. Let k(g) = -6*g**3 + 21*g**2 - 46*g - 24. Let p(j) = -6*k(j) + 5*y(j). Determine p(24).
-14
Let o(l) be the third derivative of l**5/20 + l**4/24 - l**3/6 + 2*l**2. Suppose 0 = -60*g + 58*g + 8. Suppose 0 = 6*y + g*y - 20. What is o(y)?
13
Let p = 883 + -877. Let u(j) = -j**2 + 9*j - 1. Calculate u(p).
17
Suppose 60*z + 99*z + 636 = 0. Let i(f) = f**3 + 5*f**2 - 5*f. What is i(z)?
36
Let z(m) be the third derivative of m**4/3 - m**3 + 2*m**2 + m - 3388. Give z(2).
10
Suppose 3*n + 4*i - 19 = 0, -i - 3 + 14 = 2*n. Let k(w) = -4*w + 20. Calculate k(n).
0
Let l be 1/3 + 8/12. Let a(f) = -6*f - 2*f + 160*f**2 - 300*f**2 + 7*f + 147*f**2. Determine a(l).
6
Let i(x) = x - 22. Let m = 3780 - 3759. What is i(m)?
-1
Let i(c) = -5*c**2 - 34*c + 26. Let j(m) = 6*m**2 + 38*m - 27. Let t(b) = -5*i(b) - 4*j(b). What is t(-19)?
-3
Suppose -2*t = -5*c - 4, 0 = 13*t - 16*t - 2*c + 25. Let g(n) = -n**2 + 5*n - 2. What is g(t)?
-16
Suppose -355*s = -368*s + 299. Let g(o) = -o**3 + 23*o**2 + 3*o - 69. Determine g(s).
0
Let h(u) = 2*u**2 + 5*u. Let d = -29 + -15. Let l = 17 + d. Let t = l + 23. Determine h(t).
12
Let u(a) = a - 3. Let r(c) = -2*c + 7. Let l(j) = 2*r(j) + 5*u(j). Give l(-4).
-5
Let a(p) = p - 100. Let y be a(-20). Let m = -125 - y. Let z(u) = -2*u + 4. Give z(m).
14
Let y(s) = s**3 - 8*s**2 + 7*s. Suppose -6*t = -5*t + 3*x + 29, -3*t = 5*x + 91. Let a be (-16)/t - (-26)/4. Determine y(a).
0
Let z(n) be the second derivative of n**5/20 - n**4/6 + 3*n**2/2 - 2176*n. Determine z(2).
3
Let k(x) = -6 + 3*x**2 - 1 + 5 - 5*x + 1. Let s(a) = a**2 - 1. Let t(z) = -k(z) + 4*s(z). What is t(3)?
21
Let h(p) = 11*p - 31. Let y(a) = -3*a + 11. Let k(q) = -q**2 - 13*q + 83. Let m be k(5). Let u(z) = m*y(z) - 2*h(z). What is u(-9)?
-6
Let p be 4 + (0 - 4) + -6. Let g(m) = -2*m**3 - 33*m**2 - 42*m - 23. Let o(v) = v**3 + 18*v**2 + 21*v + 11. Let q(z) = -3*g(z) - 5*o(z). Determine q(p).
-4
Let o(u) = 2*u**2 - 12*u + 3. Suppose -9261*k + 9242*k + 114 = 0. Determine o(k).
3
Let o(s) = s**3 - 16*s**2 + 9*s - 17. Suppose 0 = u + 3*l - 33, -2*l - 63 = -30*u + 25*u. Calculate o(u).
-107
Let j(z) = -z - 3. Let c(n) = -7*n**2 + 4*n - 6. Let m be c(4). Let v = -93 - m. Give j(v).
-12
Let a(j) = -j**2 + 5*j + 11. Let w(x) = -23*x + 100. Let l be w(-2). Let p = -138 + l. Calculate a(p).
-13
Let q = -3 - -4. Let i(a) = 56*a**3 - 90*a**3 + 5*a**2 + 340*a - 5*a**2 - 339*a. Determine i(q).
-33
Suppose -13*z - 56 = -21*z. Suppose 0 = -4*q + 3*d + d + 16, 3*q = -2*d + z. Let t(c) = c**3 - c**2 - 2*c - 4. Give t(q).
8
Let s be -2 - 0 - (0/(-2) + -1). Let y(c) = 4*c - 2. Give y(s).
-6
Let l = -381 - -391. Suppose -13*i - l*i = 0. Let h(c) = -c**2 - c - 4. Determine h(i).
-4
Suppose 27 = 2*t + 15. Let f(u) be the third derivative of u**6/120 - 7*u**5/60 + u**4/3 + 1641*u**2. Calculate f(t).
12
Let l(w) = -w**2 - 5*w + 4. Let o(c) = -23*c + 13. Let d(k) = -2*k**2 + k + 1. Let i(q) = 2*d(q) + o(q). Let t(v) = 2*i(v) - 9*l(v). What is t(-6)?
12
Let b(h) = 906 - 453 - 2*h**2 + 18*h**3 + 4*h**3 - 452. What is b(1)?
21
Let m(s) = -s**2 + 15*s - 5. Let i be 15480/(-258)*1/(-4). Give m(i).
-5
Let o(q) be the second derivative of -q**4/12 + q**3/3 + 3*q**2 - 649*q. What is o(0)?
6
Let n be 192/(-420)*-25 + (-3)/7. Let y = -31 - -42. Let q(g) = -g**2 + 19 + 9 - 24 + y*g. Calculate q(n).
4
Suppose 2*q = -3*z + 37, -54752 = -3*z - 5*q - 54700. Let v(f) = -1 - 2 - 8 + f. What is v(z)?
-2
Let r = -114 - -119. Let d(k) = 3*k**3 - 9*k**2 - 11*k + 11. Let a(m) = 8*m**3 - 17*m**2 - 23*m + 21. Let v(s) = r*d(s) - 2*a(s). Give v(-10).
3
Let f(x) = 2*x - 153. Let q(h) = -18*h + 1069. Let s(v) = -15*f(v) - 2*q(v). Give s(-25).
7
Let q(f) = 17*f + 3. Suppose 61*s = -1609 + 1853. Calculate q(s).
71
Let d(a) = -a - 12. Let u be d(-6). Let k(w) = 3*w - 1. Let l be k(u). Let b = l - -21. Let c(s) = s**3 - s**2 - 3*s + 2. Calculate c(b).
0
Let o(h) = h**3 - 9*h**2 - h + 12. Let r be o(9). Suppose 0 = r*j - 7*j. Suppose j = -4*d + d + 12. Let k(s) = -s**3 + 5*s**2 - 4*s - 1. What is k(d)?
-1
Suppose -5*j + 215 = -5*l, -3*l = -5*j - 109 + 328. Let b be ((-4)/(0 + 2))/(38/(-627)). Suppose -4*q - b = -j. Let m(o) = 2*o**2. Calculate m(q).
18
Suppose 10*w - 6*w = -12, -9 = 3*d + 5*w. Let f(y) be the second derivative of 1/2*y**3 + 0*y**d + 1/12*y**4 - 8*y - 3. Calculate f(-3).
0
Let z(x) = -174*x - 520. Let m(h) = 22*h + 65. Let i(l) = 94*m(l) + 12*z(l). Give i(-7).
10
Let r(d) = -2*d**3 + 3*d**2 - 4*d + 6. Let c = -3936 - -3938. Give r(c).
-6
Let n(a) = 14*a - 9. Let v = -1031 + 1037. Determine n(v).
75
Let q = 530 - 455. Let g(z) = 70*z**2 + 70*z**2 + q*z**2 - 214*z**2 - 5*z. Determine g(6).
6
Let r(x) be the second derivative of x**4/12 - 7*x**3/6 - 11*x**2/2 + 21*x + 98. Determine r(10).
19
Let y(g) = -2*g**2 + 5. Let t(c) = -3*c**2 - c + 16. Let j(r) = t(r) - 2*y(r). Suppose -d = -0*d. Give j(d).
6
Let p(b) = -4*b - 4. Let r(f) = 5 - 2 - 26*f - 1 + 27*f. Let h(s) = p(s) + 6*r(s). Calculate h(-6).
-4
Let t(s) = 1200 + 1184 - 2351 - 6*s. Calculate t(5).
3
Suppose -5*i = 4*o - 61, 3*i = 3*o + 19 - 4. Let j(t) = t**2 - 6*t - 8. Give j(i).
19
Let u(y) = -3*y - 5. Suppose -h - 178 + 856 = 4*x, 4*h + 688 = 4*x. Suppose -2*q + x = 180. Calculate u(q).
10
Let i = 134 - 290. Let m = 156 + i. Let c(l) = l**3 + l**2 - l + 3. What is c(m)?
3
Let r(n) be the third derivative of 5*n**4/24 - 5*n**3/3 - 3759*n**2. Calculate r(-7).
-45
Let x(c) be the second derivative of c**3/6 + 4*c**2 + 891*c. Determine x(-17).
-9
Let c(f) = -7745*f**3 - 3*f**2 + 8*f**2 + 0*f**2 + 7 - f + 7744*f**3. Give c(6).
-35
Let z(x) = -x**2 + 5*x + 8. Let m be z(6). Let r(l) = -l**2 - l + 4*l**m + 0*l. Suppose -73 + 92 = -4*a + 5*i, -3*a - 2*i = -3. What is r(a)?
4
Let o(a) = -a**2 - 26*a + 26. Let v(u) = -3*u**3 + 158*u**2 - 105*u + 25. Let m be v(52). Determine o(m).
-1
Let y(z) = -z - 8. Suppose 2*n = 3*n + 5*c - 92, n + 3*c - 88 = 0. Suppose 17*w - 14 + n = 0. Give y(w).
-4
Let c(f) be the first derivative of -7*f**2/2 + 22*f + 308. Calculate c(3).
1
Let g(j) be the third derivative of 2*j**5/15 - j**4/4 + 185*j**2. Let w(x) = x**2 - 3*x**2 - 5*x**2 + 5*x. Let r(y) = -6*g(y) - 7*w(y). Calculate r(4).
20
Let b = 19088 - 19086. Let w(r) = 7*r**2 + r - 2. Determine w(b).
28
Let c(q) = -2*q**3 + q**2. Let i = -189 + 195. Suppose 0 = -5*g - b - 4 - 3, 3*b = -i. Determine c(g).
3
Suppose -4*f = f + 30. Let o(z) be the third derivative of -z**6/120 - z**5/12 + 3*z**4/8 + 3*z**3/2 - 417*z**2 - 2. Determine o(f).
-9
Let i(c) = -c**3 + 48*c**2 - 47*c - 12. Let y(t) = -1713*t - 6805. Let j be y(-4). Determine i(j).
-12
Let q = 6645 - 6648. Let w(y) = -3*y**3 - 4*y**2 - y - 10. What is w(q)?
38
Let y be 2 - 1 - (7 - 941) - 0. Let t = 931 - y. Let l(j) be the third derivative of -j**5/60 - j**4/6 + j**3/2 - j**2. What is l(t)?
3
Let y = 2742 + -2743. Let h(t) = -3*t**3 + 3*t**2 + t - 2. Give h(y).
3
Let w(q) be the third derivative of 0 - 1/60*q**5 - 2/3*q**3 - 3*q - 7/24*q**4 + 19*q**2. What is w(-5)?
6
Let s(q) = -7*q - 70. Let g(i) = -547*i - 2747. Let a be g(-5). What is s(a)?
14
Let o(a) = -9*a + 17 - 6*a - a**2 + 2*a + 6*a - 6*a. Calculate o(-14).
3
Let z(n) = -15*n**2 + 5*n + 2. Let a be z(1). Let w(p) = p**2 + 10*p + 15. What is w(a)?
-1
Let i = -229 + 226. Let f(l) = -8*l**2 - 3*l + 25. Let u(w) = 2*w**2 + w - 6. Let n(v) = 2*f(v) + 9*u(v). What is n(i)?
5
Let l = 190 + -188. Let n(z) = -9 + 18*z**2 - 7*z**l - 12*z**2 - 9*z. What is n(-9)?
-9
Let u(m) = m**3 + 23*m**2 - 210*m + 5. Let y be u(-30). Let j(n) = -n**3 + 4*n**2 + 7*n - 7. Calculate j(y).
3
Suppose 0 = s - 3*s + 4, 2*s = 3*x - 17. Suppose -x*n - 15 = -12*n. Let p(g) = -g**2 + 5*g - 4. Calculate p(n).
2
Let n(s) = -s - 10. Let c(f) = -f - 9. Let t(u) = -3*c(u) + 4*n(u). Let v be t(-7). Let x(w) be the second derivative of w**3/6 + w**2 - 213*w. Determine x(v).
-4
Let p(j) = 496 - 971 - 62*j + 472. What is p(2)?
-127
Suppose 72 = -6*w + 102. Let i(f) = f**2 - 8*f - 9. Let h(v) = -v**2 + 9*v + 10. Let r(n) = 5*h(n) + 6*i(n). Determine r(w).
6
Let n(x) = -7*x**3 - 18*x**2 + 17*x + 27. Let o(m) = -30*m**3 - 73*m**2 + 68*m + 108. Let s(z) = -13*n(z) + 3*o(z). What is s(-16)?
-11
Let x(v) = v**3 - 6*v**2 + v - 3. Let h be x(5). Let j = h + 29. Let m(r) = -j*r - 5 